{"version":"1.0","provider_name":"\u00d6tletv\u00e1r","provider_url":"https:\/\/otletvar.cafeblog.hu","author_name":"Andrea Somodi","author_url":"https:\/\/otletvar.cafeblog.hu\/author\/andreasomodi\/","title":"Gy\u00fcm\u00f6lcs\u00f6s-csokis muffin","html":"<p style=\"text-align: justify\">A pale\u00f3ban neh\u00e9z a di\u00f3 a reggeli, m\u00e1r sz\u00f3v\u00e1 is tette a sz\u00f3kimond\u00f3 kisfiam Tomi, hogy meglehet\u0151sen egyhang\u00fa a toj\u00e1s b\u00e1rhogyan k\u00e9sz\u00edtve, felv\u00e1ltva a zabk\u00e1sa vari\u00e1ci\u00f3ival. :-(<\/p>\r\n\r\n\r\n[caption id=\"attachment_463\" align=\"alignleft\" width=\"300\"]<a href=\"https:\/\/otletvar.cafeblog.hu\/files\/2014\/01\/r\u00e1csos-alm\u00e1spite.jpg\"><img class=\" wp-image-463\" alt=\"r\u00e1csos alm\u00e1spite\" src=\"https:\/\/otletvar.cafeblog.hu\/files\/2014\/01\/r\u00e1csos-alm\u00e1spite-300x196.jpg\" width=\"300\" height=\"196\" \/><\/a> A receptet itt tal\u00e1lod, katt a \"f\u00e9szre\" www.facebook.com\/otletvar![\/caption]\r\n<p style=\"text-align: justify\">Ez\u00e9rt az \u00e9n egyik \u00faj\u00e9vi fogadalmam, hogy amennyire csak lehet v\u00e1ltozatoss\u00e1 teszem a reggeleket!\u00a0Nem r\u00e9giben k\u00e9sz\u00edtettem p\u00e9ld\u00e1ul ezt a r\u00e1csos alm\u00e1s pit\u00e9t a receptj\u00e9t a facebookon tal\u00e1lod!<\/p>\r\n<p style=\"text-align: justify\"><span style=\"font-size: 13px;line-height: 19px\">Most pedig Levi lepett meg ezzel a finom kis muffinnal, \u00e9n szem\u00e9ly szerint azonnal megszerettem, az alapja mandula \u00e9s gesztenyeliszt kever\u00e9ke optim\u00e1lis ar\u00e1nyban, ami sz\u00e1momra azt jelenti, hogy nem tolakszik nagyon a gesztenye \u00edze, meggy \u00e9s k\u00f6rte ker\u00fclt bele, valamint finom \u00e9tcsokol\u00e1d\u00e9 darabok! A muffint egyszer\u0171s\u00e9ge, praktikuss\u00e1ga \u00e9s igazs\u00e1goss\u00e1ga ok\u00e1n kedvelem. :-) Nem k\u00edv\u00e1n sok pepecsel\u00e9st, praktikus az uzsonn\u00e1s dobozba is, \u00e9s a beleker\u00fcl\u0151 finoms\u00e1gokat pl. csoki, gy\u00fcm\u00f6lcs, egyenl\u0151en lehet elosztani minden darabj\u00e1ba, ami ugye 4 gyerek eset\u00e9n nem utols\u00f3 szempont! :-)<\/span><\/p>\r\n<p style=\"text-align: center\"><span style=\"text-decoration: underline\"><span style=\"color: #000000;text-decoration: underline\">Hozz\u00e1val\u00f3k 14 db muffinhoz:<\/span><\/span><\/p>\r\n<p style=\"text-align: center\">20 dkg \u0151r\u00f6lt mandula<\/p>\r\n<p style=\"text-align: center\">7 ek gesztenyeliszt<\/p>\r\n<p style=\"text-align: center\">4 eg\u00e9sz toj\u00e1s<\/p>\r\n<p style=\"text-align: center\">5 ek eritrit (de jelen esetben 3 ek eritrit \u00e9s 2 ek m\u00e9z ker\u00fclt bele)<\/p>\r\n<p style=\"text-align: center\">2 dl k\u00f3kusztej<\/p>\r\n<p style=\"text-align: center\">1ek t\u00e1pi\u00f3ka kem\u00e9ny\u00edt\u0151, helyettes\u00edthet\u0151 m\u00e1s paleo liszttel pl. szez\u00e1m, vagy k\u00f3kusz<\/p>\r\n<p style=\"text-align: center\">1 kk sz\u00f3dabikarb\u00f3na<\/p>\r\n<p style=\"text-align: center\">k\u00e9shegynyi fah\u00e9j<\/p>\r\n<p style=\"text-align: center\">csipet s\u00f3<\/p>\r\n<p style=\"text-align: center\">1 k\u00f6rte apr\u00f3ra v\u00e1gva<\/p>\r\n<p style=\"text-align: center\">40 gr \u00e9tcsokol\u00e1d\u00e9 apr\u00f3ra v\u00e1gva<\/p>\r\n<p style=\"text-align: center\">kb 20 dkg magozott meggy (minden muffin tetej\u00e9re 3 db-ot sz\u00f3rtunk)<\/p>\r\n<p style=\"text-align: justify\">A toj\u00e1sokat az \u00e9des\u00edt\u0151vel feh\u00e9red\u00e9sig keverj\u00fck, hozz\u00e1 \u00f6ntj\u00fck a <a title=\"A k\u00f3kusztej elk\u00e9sz\u00edt\u00e9se egyszer\u0171 \u00e9s olcs\u00f3, \u00e9s nagyon j\u00f3l lehet vele helyettes\u00edteni a teh\u00e9ntejet!\" href=\"http:\/\/http:\/\/antalvali.com\/boszorkanykonyha\/kokusztej-hazilag.html\" target=\"_blank\">k\u00f3kusztejet<\/a>, egy m\u00e1sik t\u00e1lba belekeverj\u00fck a liszteket a s\u00f3t, a sz\u00f3dabikarb\u00f3n\u00e1t \u00e9s a fah\u00e9jat. Az elk\u00e9sz\u00fclt massz\u00e1t belekanalazzuk a muffin form\u00e1kba \u00e9s egyenl\u0151en elosztjuk benne a k\u00f6rt\u00e9t a csokol\u00e1d\u00e9t \u00e9s a meggyet, majd kb. 180\u00b0c-os s\u00fct\u0151ben als\u00f3-fels\u0151 s\u00fct\u00e9ssel s\u00fcss\u00fck k\u00e9szre kb. 30 perc alatt.<\/p>\r\n&nbsp;\r\n\r\n[caption id=\"attachment_464\" align=\"aligncenter\" width=\"600\"]<a href=\"https:\/\/otletvar.cafeblog.hu\/files\/2014\/01\/csokis-gy\u00fcm\u00f6lcs\u00f6s-muffin.jpg\"><img class=\"size-large wp-image-464\" alt=\"Kevesebb sz\u00e9nhidr\u00e1ttal, k\u00f6nnyebb megval\u00f3s\u00edtani az \u00faj\u00e9vi fogadalmat! \" src=\"https:\/\/otletvar.cafeblog.hu\/files\/2014\/01\/csokis-gy\u00fcm\u00f6lcs\u00f6s-muffin-600x450.jpg\" width=\"600\" height=\"450\" \/><\/a> Mivel liszt \u00e9s cukor n\u00e9lk\u00fcl k\u00e9szt\u00fclt kevesebb a sz\u00e9nhidr\u00e1t tartalma, mint a hagyom\u00e1nyos v\u00e1ltozatoknak! Tej\u00e9rz\u00e9kenyek is fogyaszthatj\u00e1k! \u00c9s ezzel a muffinnal k\u00f6nnyebb megval\u00f3s\u00edtani az \u00faj\u00e9vi fogy\u00f3k\u00far\u00e1s fogadalmat is! ;-)[\/caption]\r\n\r\n&nbsp;\r\n\r\n&nbsp;\r\n\r\n&nbsp;\r\n\r\n&nbsp;\r\n\r\n&nbsp;","type":"rich"}

Ötletvár

Gyümölcsös-csokis muffin

<p style="text-align: justify">A paleóban nehéz a dió a reggeli, már szóvá is tette a szókimondó kisfiam Tomi, hogy meglehetősen egyhangú a tojás bárhogyan készítve, felváltva a zabkása variációival. :-(</p>


[caption id="attachment_463" align="alignleft" width="300"]<a href="https://otletvar.cafeblog.hu/files/2014/01/rácsos-almáspite.jpg"><img class=" wp-image-463" alt="rácsos almáspite" src="https://otletvar.cafeblog.hu/files/2014/01/rácsos-almáspite-300x196.jpg" width="300" height="196" /></a> A receptet itt találod, katt a "fészre" www.facebook.com/otletvar![/caption]
<p style="text-align: justify">Ezért az én egyik újévi fogadalmam, hogy amennyire csak lehet változatossá teszem a reggeleket! Nem régiben készítettem például ezt a rácsos almás pitét a receptjét a facebookon találod!</p>
<p style="text-align: justify"><span style="font-size: 13px;line-height: 19px">Most pedig Levi lepett meg ezzel a finom kis muffinnal, én személy szerint azonnal megszerettem, az alapja mandula és gesztenyeliszt keveréke optimális arányban, ami számomra azt jelenti, hogy nem tolakszik nagyon a gesztenye íze, meggy és körte került bele, valamint finom étcsokoládé darabok! A muffint egyszerűsége, praktikussága és igazságossága okán kedvelem. :-) Nem kíván sok pepecselést, praktikus az uzsonnás dobozba is, és a belekerülő finomságokat pl. csoki, gyümölcs, egyenlően lehet elosztani minden darabjába, ami ugye 4 gyerek esetén nem utolsó szempont! :-)</span></p>
<p style="text-align: center"><span style="text-decoration: underline"><span style="color: #000000;text-decoration: underline">Hozzávalók 14 db muffinhoz:</span></span></p>
<p style="text-align: center">20 dkg őrölt mandula</p>
<p style="text-align: center">7 ek gesztenyeliszt</p>
<p style="text-align: center">4 egész tojás</p>
<p style="text-align: center">5 ek eritrit (de jelen esetben 3 ek eritrit és 2 ek méz került bele)</p>
<p style="text-align: center">2 dl kókusztej</p>
<p style="text-align: center">1ek tápióka keményítő, helyettesíthető más paleo liszttel pl. szezám, vagy kókusz</p>
<p style="text-align: center">1 kk szódabikarbóna</p>
<p style="text-align: center">késhegynyi fahéj</p>
<p style="text-align: center">csipet só</p>
<p style="text-align: center">1 körte apróra vágva</p>
<p style="text-align: center">40 gr étcsokoládé apróra vágva</p>
<p style="text-align: center">kb 20 dkg magozott meggy (minden muffin tetejére 3 db-ot szórtunk)</p>
<p style="text-align: justify">A tojásokat az édesítővel fehéredésig keverjük, hozzá öntjük a <a title="A kókusztej elkészítése egyszerű és olcsó, és nagyon jól lehet vele helyettesíteni a tehéntejet!" href="http://http://antalvali.com/boszorkanykonyha/kokusztej-hazilag.html" target="_blank">kókusztejet</a>, egy másik tálba belekeverjük a liszteket a sót, a szódabikarbónát és a fahéjat. Az elkészült masszát belekanalazzuk a muffin formákba és egyenlően elosztjuk benne a körtét a csokoládét és a meggyet, majd kb. 180°c-os sütőben alsó-felső sütéssel süssük készre kb. 30 perc alatt.</p>
&nbsp;

[caption id="attachment_464" align="aligncenter" width="600"]<a href="https://otletvar.cafeblog.hu/files/2014/01/csokis-gyümölcsös-muffin.jpg"><img class="size-large wp-image-464" alt="Kevesebb szénhidráttal, könnyebb megvalósítani az újévi fogadalmat! " src="https://otletvar.cafeblog.hu/files/2014/01/csokis-gyümölcsös-muffin-600x450.jpg" width="600" height="450" /></a> Mivel liszt és cukor nélkül késztült kevesebb a szénhidrát tartalma, mint a hagyományos változatoknak! Tejérzékenyek is fogyaszthatják! És ezzel a muffinnal könnyebb megvalósítani az újévi fogyókúrás fogadalmat is! ;-)[/caption]

&nbsp;

&nbsp;

&nbsp;

&nbsp;

&nbsp;
